{"id":119,"date":"2023-10-30T16:09:06","date_gmt":"2023-10-30T16:09:06","guid":{"rendered":"http:\/\/rayosdelsol.uy\/?page_id=119"},"modified":"2024-12-14T15:17:42","modified_gmt":"2024-12-14T15:17:42","slug":"ubicacion","status":"publish","type":"page","link":"https:\/\/rayosdelsol.uy\/index.php\/ubicacion\/","title":{"rendered":"Ubicaci\u00f3n"},"content":{"rendered":"<p>[et_pb_section fb_built=\u00bb1&#8243; admin_label=\u00bbHeader &#038; Contact Info\u00bb _builder_version=\u00bb4.22.0&#8243; _module_preset=\u00bbdefault\u00bb collapsed=\u00bbon\u00bb global_colors_info=\u00bb{}\u00bb][et_pb_row column_structure=\u00bb1_2,1_2&#8243; _builder_version=\u00bb4.22.0&#8243; _module_preset=\u00bbdefault\u00bb global_colors_info=\u00bb{}\u00bb][et_pb_column type=\u00bb1_2&#8243; _builder_version=\u00bb4.22.0&#8243; _module_preset=\u00bbdefault\u00bb global_colors_info=\u00bb{}\u00bb][et_pb_text _builder_version=\u00bb4.23&#8243; _module_preset=\u00bba357984e-329b-4810-a2a7-ce2dcc79f31e\u00bb header_font=\u00bbAdvent Pro||||||||\u00bb global_colors_info=\u00bb{}\u00bb]<\/p>\n<h1>Cont\u00e1cto<\/h1>\n<p>[\/et_pb_text][et_pb_blurb title=\u00bbTel\u00e9fono:\u00bb use_icon=\u00bbon\u00bb font_icon=\u00bb&#xe090;||divi||400&#8243; icon_color=\u00bb#ffffff\u00bb image_icon_background_color=\u00bb#b85a44&#8243; _builder_version=\u00bb4.23&#8243; _module_preset=\u00bbdc502ffe-f804-48f7-a806-6ad00b1f7fa7&#8243; header_font=\u00bbAdvent Pro|700|||||||\u00bb body_font=\u00bbAdvent Pro||||||||\u00bb body_link_text_color=\u00bbgcid-81367860-ebe3-4b2c-9073-7bf97634525b\u00bb locked=\u00bboff\u00bb global_colors_info=\u00bb{%22gcid-81367860-ebe3-4b2c-9073-7bf97634525b%22:%91%22body_link_text_color%22%93}\u00bb]<\/p>\n<p>+598 97 555 586<\/p>\n<p>[\/et_pb_blurb][et_pb_blurb title=\u00bbEmail:\u00bb use_icon=\u00bbon\u00bb font_icon=\u00bb&#xe076;||divi||400&#8243; image_icon_background_color=\u00bb#b85a44&#8243; _builder_version=\u00bb4.23&#8243; _module_preset=\u00bbdc502ffe-f804-48f7-a806-6ad00b1f7fa7&#8243; header_font=\u00bbAdvent Pro|700|||||||\u00bb body_font=\u00bbAdvent Pro||||||||\u00bb body_link_text_color=\u00bbgcid-81367860-ebe3-4b2c-9073-7bf97634525b\u00bb locked=\u00bboff\u00bb global_colors_info=\u00bb{%22gcid-81367860-ebe3-4b2c-9073-7bf97634525b%22:%91%22body_link_text_color%22%93}\u00bb]<\/p>\n<p>info@rayosdelsol.uy<\/p>\n<p>[\/et_pb_blurb][et_pb_blurb title=\u00bbDirecci\u00f3n:\u00bb use_icon=\u00bbon\u00bb font_icon=\u00bb&#xe081;||divi||400&#8243; image_icon_background_color=\u00bb#b85a44&#8243; _builder_version=\u00bb4.23&#8243; _module_preset=\u00bbdc502ffe-f804-48f7-a806-6ad00b1f7fa7&#8243; header_font=\u00bbAdvent Pro|700|||||||\u00bb body_font=\u00bbAdvent Pro||||||||\u00bb body_link_text_color=\u00bbgcid-81367860-ebe3-4b2c-9073-7bf97634525b\u00bb locked=\u00bboff\u00bb global_colors_info=\u00bb{%22gcid-81367860-ebe3-4b2c-9073-7bf97634525b%22:%91%22body_link_text_color%22%93}\u00bb]<\/p>\n<p>Av. del Nav\u00edo esquina Acr\u00f3polis, La Paloma<\/p>\n<p>[\/et_pb_blurb][\/et_pb_column][et_pb_column type=\u00bb1_2&#8243; _builder_version=\u00bb4.22.0&#8243; _module_preset=\u00bbdefault\u00bb global_colors_info=\u00bb{}\u00bb][et_pb_contact_form captcha=\u00bboff\u00bb submit_button_text=\u00bbEnviar\u00bb _builder_version=\u00bb4.23&#8243; _module_preset=\u00bbff9a2ba1-3164-4644-884b-f5246fe617a8&#8243; button_bg_color=\u00bb#B85A44&#8243; locked=\u00bboff\u00bb global_colors_info=\u00bb{%22gcid-21f39c30-514a-41a8-ae0a-6cf144b81c75%22:%91%22arrows_custom_color%22,%22dot_nav_custom_color%22,%22arrows_custom_color%22,%22dot_nav_custom_color%22,%22arrows_custom_color%22,%22dot_nav_custom_color%22,%22arrows_custom_color%22,%22dot_nav_custom_color%22%93}\u00bb][et_pb_contact_field field_id=\u00bbNombre\u00bb field_title=\u00bbNombre\u00bb fullwidth_field=\u00bbon\u00bb _builder_version=\u00bb4.23&#8243; _module_preset=\u00bbdefault\u00bb global_colors_info=\u00bb{}\u00bb button_text_size__hover_enabled=\u00bboff\u00bb button_one_text_size__hover_enabled=\u00bboff\u00bb button_two_text_size__hover_enabled=\u00bboff\u00bb button_text_color__hover_enabled=\u00bboff\u00bb button_one_text_color__hover_enabled=\u00bboff\u00bb button_two_text_color__hover_enabled=\u00bboff\u00bb button_border_width__hover_enabled=\u00bboff\u00bb button_one_border_width__hover_enabled=\u00bboff\u00bb button_two_border_width__hover_enabled=\u00bboff\u00bb button_border_color__hover_enabled=\u00bboff\u00bb button_one_border_color__hover_enabled=\u00bboff\u00bb button_two_border_color__hover_enabled=\u00bboff\u00bb button_border_radius__hover_enabled=\u00bboff\u00bb button_one_border_radius__hover_enabled=\u00bboff\u00bb button_two_border_radius__hover_enabled=\u00bboff\u00bb button_letter_spacing__hover_enabled=\u00bboff\u00bb button_one_letter_spacing__hover_enabled=\u00bboff\u00bb button_two_letter_spacing__hover_enabled=\u00bboff\u00bb button_bg_color__hover_enabled=\u00bboff\u00bb button_one_bg_color__hover_enabled=\u00bboff\u00bb button_two_bg_color__hover_enabled=\u00bboff\u00bb][\/et_pb_contact_field][et_pb_contact_field field_id=\u00bbEmail\u00bb field_title=\u00bbEmail\u00bb field_type=\u00bbemail\u00bb fullwidth_field=\u00bbon\u00bb _builder_version=\u00bb4.23&#8243; _module_preset=\u00bbdefault\u00bb global_colors_info=\u00bb{}\u00bb button_text_size__hover_enabled=\u00bboff\u00bb button_one_text_size__hover_enabled=\u00bboff\u00bb button_two_text_size__hover_enabled=\u00bboff\u00bb button_text_color__hover_enabled=\u00bboff\u00bb button_one_text_color__hover_enabled=\u00bboff\u00bb button_two_text_color__hover_enabled=\u00bboff\u00bb button_border_width__hover_enabled=\u00bboff\u00bb button_one_border_width__hover_enabled=\u00bboff\u00bb button_two_border_width__hover_enabled=\u00bboff\u00bb button_border_color__hover_enabled=\u00bboff\u00bb button_one_border_color__hover_enabled=\u00bboff\u00bb button_two_border_color__hover_enabled=\u00bboff\u00bb button_border_radius__hover_enabled=\u00bboff\u00bb button_one_border_radius__hover_enabled=\u00bboff\u00bb button_two_border_radius__hover_enabled=\u00bboff\u00bb button_letter_spacing__hover_enabled=\u00bboff\u00bb button_one_letter_spacing__hover_enabled=\u00bboff\u00bb button_two_letter_spacing__hover_enabled=\u00bboff\u00bb button_bg_color__hover_enabled=\u00bboff\u00bb button_one_bg_color__hover_enabled=\u00bboff\u00bb button_two_bg_color__hover_enabled=\u00bboff\u00bb][\/et_pb_contact_field][et_pb_contact_field field_id=\u00bbMensaje\u00bb field_title=\u00bbMensaje\u00bb field_type=\u00bbtext\u00bb fullwidth_field=\u00bbon\u00bb _builder_version=\u00bb4.23&#8243; _module_preset=\u00bbdefault\u00bb global_colors_info=\u00bb{}\u00bb button_text_size__hover_enabled=\u00bboff\u00bb button_one_text_size__hover_enabled=\u00bboff\u00bb button_two_text_size__hover_enabled=\u00bboff\u00bb button_text_color__hover_enabled=\u00bboff\u00bb button_one_text_color__hover_enabled=\u00bboff\u00bb button_two_text_color__hover_enabled=\u00bboff\u00bb button_border_width__hover_enabled=\u00bboff\u00bb button_one_border_width__hover_enabled=\u00bboff\u00bb button_two_border_width__hover_enabled=\u00bboff\u00bb button_border_color__hover_enabled=\u00bboff\u00bb button_one_border_color__hover_enabled=\u00bboff\u00bb button_two_border_color__hover_enabled=\u00bboff\u00bb button_border_radius__hover_enabled=\u00bboff\u00bb button_one_border_radius__hover_enabled=\u00bboff\u00bb button_two_border_radius__hover_enabled=\u00bboff\u00bb button_letter_spacing__hover_enabled=\u00bboff\u00bb button_one_letter_spacing__hover_enabled=\u00bboff\u00bb button_two_letter_spacing__hover_enabled=\u00bboff\u00bb button_bg_color__hover_enabled=\u00bboff\u00bb button_one_bg_color__hover_enabled=\u00bboff\u00bb button_two_bg_color__hover_enabled=\u00bboff\u00bb][\/et_pb_contact_field][\/et_pb_contact_form][\/et_pb_column][\/et_pb_row][\/et_pb_section][et_pb_section fb_built=\u00bb1&#8243; admin_label=\u00bbFooter CTA\u00bb _builder_version=\u00bb4.23&#8243; _module_preset=\u00bbdefault\u00bb custom_padding=\u00bb||99px||false|false\u00bb bottom_divider_style=\u00bbwave2&#8243; bottom_divider_color=\u00bbgcid-177a5697-02fd-46ba-bfa9-5a099a3378ae\u00bb bottom_divider_flip=\u00bbvertical\u00bb saved_tabs=\u00bball\u00bb collapsed=\u00bbon\u00bb global_colors_info=\u00bb{%22gcid-177a5697-02fd-46ba-bfa9-5a099a3378ae%22:%91%22bottom_divider_color%22%93}\u00bb][et_pb_row custom_padding_last_edited=\u00bbon|tablet\u00bb _builder_version=\u00bb4.22.0&#8243; _module_preset=\u00bbdefault\u00bb background_color=\u00bbgcid-46e54cc2-2550-449e-a151-e85c3a835795&#8243; custom_margin=\u00bb|auto|-3px|auto||\u00bb custom_padding=\u00bb60px|60px|60px|60px|true|true\u00bb custom_padding_tablet=\u00bb|30px||30px|true|true\u00bb custom_padding_phone=\u00bb30px|20px|30px|20px|true|true\u00bb border_radii=\u00bbon|20px|20px|20px|20px\u00bb global_colors_info=\u00bb{%22gcid-46e54cc2-2550-449e-a151-e85c3a835795%22:%91%22background_color%22%93}\u00bb][et_pb_column type=\u00bb4_4&#8243; _builder_version=\u00bb4.22.0&#8243; _module_preset=\u00bbdefault\u00bb global_colors_info=\u00bb{}\u00bb][et_pb_text _builder_version=\u00bb4.23&#8243; _module_preset=\u00bbec0a5c57-78f6-4e61-a87e-5c76129ca505&#8243; header_3_font=\u00bbAdvent Pro|600|||||||\u00bb header_3_text_color=\u00bb#FFFFFF\u00bb header_3_font_size=\u00bb40px\u00bb text_orientation=\u00bbcenter\u00bb max_width=\u00bb700px\u00bb module_alignment=\u00bbcenter\u00bb global_colors_info=\u00bb{}\u00bb]<\/p>\n<h3>Para una atenci\u00f3n mas personalizada puedes contactarnos a trav\u00e9s de WhatsApp<\/h3>\n<p>[\/et_pb_text][et_pb_button button_url=\u00bbhttps:\/\/wa.me\/59897555586&#8243; button_text=\u00bbWhatsApp\u00bb button_alignment=\u00bbcenter\u00bb _builder_version=\u00bb4.23&#8243; _module_preset=\u00bb50151fbf-b53f-4a2d-a5c4-0d0773e5dfab\u00bb button_text_color=\u00bb#b85a44&#8243; button_bg_color=\u00bb#FFFFFF\u00bb global_colors_info=\u00bb{}\u00bb][\/et_pb_button][\/et_pb_column][\/et_pb_row][\/et_pb_section][et_pb_section fb_built=\u00bb1&#8243; admin_label=\u00bbFooter Links\u00bb _builder_version=\u00bb4.23&#8243; _module_preset=\u00bbdefault\u00bb background_color=\u00bbgcid-177a5697-02fd-46ba-bfa9-5a099a3378ae\u00bb saved_tabs=\u00bball\u00bb locked=\u00bboff\u00bb collapsed=\u00bboff\u00bb global_colors_info=\u00bb{%22gcid-177a5697-02fd-46ba-bfa9-5a099a3378ae%22:%91%22background_color%22%93}\u00bb][et_pb_row _builder_version=\u00bb4.22.0&#8243; _module_preset=\u00bbdefault\u00bb custom_padding=\u00bb||0px||false|false\u00bb global_colors_info=\u00bb{}\u00bb][et_pb_column type=\u00bb4_4&#8243; _builder_version=\u00bb4.22.0&#8243; _module_preset=\u00bbdefault\u00bb global_colors_info=\u00bb{}\u00bb][dsm_embed_google_map address=\u00bb8RW7+PW La Paloma, Departamento de Rocha\u00bb zoom=\u00bb14&#8243; _builder_version=\u00bb4.23&#8243; _module_preset=\u00bbdefault\u00bb global_colors_info=\u00bb{}\u00bb][\/dsm_embed_google_map][\/et_pb_column][\/et_pb_row][\/et_pb_section][et_pb_section fb_built=\u00bb1&#8243; admin_label=\u00bbMenu flotante\u00bb module_class=\u00bbov-iconos-flotantes\u00bb _builder_version=\u00bb4.27.0&#8243; _module_preset=\u00bbdefault\u00bb background_color=\u00bbRGBA(255,255,255,0)\u00bb positioning=\u00bbfixed\u00bb position_origin_f=\u00bbcenter_right\u00bb z_index=\u00bb999999&#8243; max_width=\u00bb50px\u00bb custom_padding=\u00bb0px||0px||false|false\u00bb z_index_tablet=\u00bb999999&#8243; z_index_phone=\u00bb999999&#8243; z_index_last_edited=\u00bbon|phone\u00bb global_colors_info=\u00bb{}\u00bb][et_pb_row _builder_version=\u00bb4.27.0&#8243; _module_preset=\u00bbdefault\u00bb z_index=\u00bb999999&#8243; width=\u00bb100%\u00bb max_width=\u00bb100%\u00bb custom_padding=\u00bb0px||0px||false|false\u00bb global_colors_info=\u00bb{}\u00bb][et_pb_column type=\u00bb4_4&#8243; _builder_version=\u00bb4.27.0&#8243; _module_preset=\u00bbdefault\u00bb global_colors_info=\u00bb{}\u00bb][et_pb_button button_url=\u00bbhttps:\/\/wa.me\/59897555586&#8243; url_new_window=\u00bbon\u00bb button_text=\u00bb Contacto\u00bb _builder_version=\u00bb4.26.1&#8243; _module_preset=\u00bbdefault\u00bb custom_button=\u00bbon\u00bb button_text_size=\u00bb16px\u00bb button_text_color=\u00bb#FFFFFF\u00bb button_bg_color=\u00bbrgba(37,211,102,0.9)\u00bb button_border_width=\u00bb0px\u00bb button_border_radius=\u00bb5px\u00bb button_font=\u00bbPoppins EA thin|600|||||||\u00bb button_icon=\u00bb&#xf879;||fa||900&#8243; button_icon_color=\u00bb#FFFFFF\u00bb button_icon_placement=\u00bbleft\u00bb button_on_hover=\u00bboff\u00bb transform_translate_linked__hover=\u00bboff\u00bb z_index=\u00bb999999&#8243; custom_margin=\u00bb||0px||false|false\u00bb custom_padding=\u00bb5px|50px|5px|55px|false|false\u00bb custom_css_free_form=\u00bbbody #page-container .ov-iconos-flotantes .et_pb_button_module_wrapper .et_pb_button:before {||  margin-left: -40px !important; ||  font-size: 18px !important;||}\u00bb global_colors_info=\u00bb{}\u00bb button_letter_spacing__hover_enabled=\u00bbon|desktop\u00bb button_letter_spacing__hover=\u00bb2px\u00bb transform_styles__hover_enabled=\u00bbon|hover\u00bb transform_scale__hover_enabled=\u00bbon|hover\u00bb transform_translate__hover_enabled=\u00bbon|desktop\u00bb transform_rotate__hover_enabled=\u00bbon|hover\u00bb transform_skew__hover_enabled=\u00bbon|hover\u00bb transform_origin__hover_enabled=\u00bbon|hover\u00bb transform_translate__hover=\u00bb-110px|0px\u00bb][\/et_pb_button][et_pb_button button_url=\u00bbhttp:\/\/www.webcoders.io\u00bb url_new_window=\u00bbon\u00bb button_text=\u00bb Correo\u00bb _builder_version=\u00bb4.27.0&#8243; _module_preset=\u00bbdefault\u00bb custom_button=\u00bbon\u00bb button_text_size=\u00bb16px\u00bb button_text_color=\u00bb#FFFFFF\u00bb button_bg_color=\u00bbrgba(26,55,77,0.9)\u00bb button_border_width=\u00bb0px\u00bb button_border_radius=\u00bb5px\u00bb button_font=\u00bbPoppins EA thin|600|||||||\u00bb button_icon=\u00bb&#xf0e0;||fa||400&#8243; button_icon_color=\u00bb#FFFFFF\u00bb button_icon_placement=\u00bbleft\u00bb button_on_hover=\u00bboff\u00bb transform_translate_linked__hover=\u00bboff\u00bb z_index=\u00bb999999&#8243; custom_margin=\u00bb||0px||false|false\u00bb custom_padding=\u00bb5px|50px|5px|55px|false|false\u00bb custom_css_free_form=\u00bbbody #page-container .ov-iconos-flotantes .et_pb_button_module_wrapper .et_pb_button:before {||  margin-left: -40px !important; ||  font-size: 18px !important;||}\u00bb global_colors_info=\u00bb{}\u00bb button_letter_spacing__hover_enabled=\u00bbon|hover\u00bb button_letter_spacing__hover=\u00bb2px\u00bb transform_styles__hover_enabled=\u00bbon|hover\u00bb transform_scale__hover_enabled=\u00bbon|hover\u00bb transform_translate__hover_enabled=\u00bbon|desktop\u00bb transform_rotate__hover_enabled=\u00bbon|hover\u00bb transform_skew__hover_enabled=\u00bbon|hover\u00bb transform_origin__hover_enabled=\u00bbon|hover\u00bb transform_translate__hover=\u00bb-110px|0px\u00bb][\/et_pb_button][et_pb_button button_url=\u00bbhttps:\/\/instagram.com\/rayosdelsol\u00bb url_new_window=\u00bbon\u00bb button_text=\u00bb Instagram\u00bb _builder_version=\u00bb4.26.1&#8243; _module_preset=\u00bbdefault\u00bb custom_button=\u00bbon\u00bb button_text_size=\u00bb16px\u00bb button_text_color=\u00bb#FFFFFF\u00bb button_bg_color=\u00bbrgba(225,48,108,0.9)\u00bb button_border_width=\u00bb0px\u00bb button_border_radius=\u00bb5px\u00bb button_font=\u00bbPoppins EA thin|600|||||||\u00bb button_icon=\u00bb&#xe09a;||divi||400&#8243; button_icon_color=\u00bb#FFFFFF\u00bb button_icon_placement=\u00bbleft\u00bb button_on_hover=\u00bboff\u00bb transform_translate_linked__hover=\u00bboff\u00bb z_index=\u00bb999999&#8243; custom_margin=\u00bb||0px||false|false\u00bb custom_padding=\u00bb5px|50px|5px|55px|false|false\u00bb custom_css_free_form=\u00bbbody #page-container .ov-iconos-flotantes .et_pb_button_module_wrapper .et_pb_button:before {||  margin-left: -40px !important; ||  font-size: 18px !important;||}\u00bb global_colors_info=\u00bb{}\u00bb button_letter_spacing__hover_enabled=\u00bbon|hover\u00bb button_letter_spacing__hover=\u00bb2px\u00bb transform_styles__hover_enabled=\u00bbon|hover\u00bb transform_scale__hover_enabled=\u00bbon|hover\u00bb transform_translate__hover_enabled=\u00bbon|desktop\u00bb transform_rotate__hover_enabled=\u00bbon|hover\u00bb transform_skew__hover_enabled=\u00bbon|hover\u00bb transform_origin__hover_enabled=\u00bbon|hover\u00bb transform_translate__hover=\u00bb-110px|0px\u00bb][\/et_pb_button][et_pb_button button_url=\u00bbhttps:\/\/www.facebook.com\/complejorayosdelsol\u00bb url_new_window=\u00bbon\u00bb button_text=\u00bb Facebook\u00bb _builder_version=\u00bb4.26.1&#8243; _module_preset=\u00bbdefault\u00bb custom_button=\u00bbon\u00bb button_text_size=\u00bb16px\u00bb button_text_color=\u00bb#FFFFFF\u00bb button_bg_color=\u00bbrgba(24,119,242,0.9)\u00bb button_border_width=\u00bb0px\u00bb button_border_radius=\u00bb5px\u00bb button_font=\u00bbPoppins EA thin|600|||||||\u00bb button_icon=\u00bb&#xe093;||divi||400&#8243; button_icon_color=\u00bb#FFFFFF\u00bb button_icon_placement=\u00bbleft\u00bb button_on_hover=\u00bboff\u00bb transform_translate_linked__hover=\u00bboff\u00bb z_index=\u00bb999999&#8243; custom_margin=\u00bb||0px||false|false\u00bb custom_padding=\u00bb5px|50px|5px|55px|false|false\u00bb custom_css_free_form=\u00bbbody #page-container .ov-iconos-flotantes .et_pb_button_module_wrapper .et_pb_button:before {||  margin-left: -40px !important; ||  font-size: 18px !important;||}\u00bb global_colors_info=\u00bb{}\u00bb button_letter_spacing__hover_enabled=\u00bbon|hover\u00bb button_letter_spacing__hover=\u00bb2px\u00bb transform_styles__hover_enabled=\u00bbon|hover\u00bb transform_scale__hover_enabled=\u00bbon|hover\u00bb transform_translate__hover_enabled=\u00bbon|desktop\u00bb transform_rotate__hover_enabled=\u00bbon|hover\u00bb transform_skew__hover_enabled=\u00bbon|hover\u00bb transform_origin__hover_enabled=\u00bbon|hover\u00bb transform_translate__hover=\u00bb-110px|0px\u00bb][\/et_pb_button][\/et_pb_column][\/et_pb_row][\/et_pb_section]<\/p>\n","protected":false},"excerpt":{"rendered":"<p>Cont\u00e1cto+598 97 555 586info@rayosdelsol.uyAv. del Nav\u00edo esquina Acr\u00f3polis, La PalomaPara una atenci\u00f3n mas personalizada puedes contactarnos a trav\u00e9s de WhatsApp<div class=\"et_pb_module dsm_embed_google_map dsm_embed_google_map_0\">\n\t\t\t\t\n\t\t\t\t\n\t\t\t\t\n\t\t\t\t\n\t\t\t\t\n\t\t\t\t\n\t\t\t\t<div class=\"et_pb_module_inner\">\n\t\t\t\t\t<iframe loading=\"lazy\" frameborder=\"0\" scrolling=\"no\" marginheight=\"0\" marginwidth=\"0\" referrerPolicy=\"no-referrer-when-downgrade\" src=\"https:\/\/maps.google.com\/maps?q=8RW7%2BPW%20La%20Paloma%2C%20Departamento%20de%20Rocha&amp;t=m&amp;z=14&amp;output=embed&amp;iwloc=near&hl=es_UY\" aria-label=\"8RW7+PW La Paloma, Departamento de Rocha\"><\/iframe>\n\t\t\t\t<\/div>\n\t\t\t<\/div><\/p>\n","protected":false},"author":2,"featured_media":0,"parent":0,"menu_order":0,"comment_status":"closed","ping_status":"closed","template":"","meta":{"_et_pb_use_builder":"on","_et_pb_old_content":"","_et_gb_content_width":"","footnotes":""},"class_list":["post-119","page","type-page","status-publish","hentry"],"yoast_head":"<!-- This site is optimized with the Yoast SEO plugin v27.4 - https:\/\/yoast.com\/product\/yoast-seo-wordpress\/ -->\n<title>Ubicaci\u00f3n - Rayos del Sol<\/title>\n<meta name=\"robots\" content=\"index, follow, max-snippet:-1, max-image-preview:large, max-video-preview:-1\" \/>\n<link rel=\"canonical\" href=\"https:\/\/rayosdelsol.uy\/index.php\/ubicacion\/\" \/>\n<meta property=\"og:locale\" content=\"es_ES\" \/>\n<meta property=\"og:type\" content=\"article\" \/>\n<meta property=\"og:title\" content=\"Ubicaci\u00f3n - Rayos del Sol\" \/>\n<meta property=\"og:description\" content=\"Cont\u00e1cto+598 97 555 586info@rayosdelsol.uyAv. del Nav\u00edo esquina Acr\u00f3polis, La PalomaPara una atenci\u00f3n mas personalizada puedes contactarnos a trav\u00e9s de WhatsApp\" \/>\n<meta property=\"og:url\" content=\"https:\/\/rayosdelsol.uy\/index.php\/ubicacion\/\" \/>\n<meta property=\"og:site_name\" content=\"Rayos del Sol\" \/>\n<meta property=\"article:modified_time\" content=\"2024-12-14T15:17:42+00:00\" \/>\n<meta name=\"twitter:card\" content=\"summary_large_image\" \/>\n<meta name=\"twitter:label1\" content=\"Est. reading time\" \/>\n\t<meta name=\"twitter:data1\" content=\"10 minutos\" \/>\n<script type=\"application\/ld+json\" class=\"yoast-schema-graph\">{\"@context\":\"https:\\\/\\\/schema.org\",\"@graph\":[{\"@type\":\"WebPage\",\"@id\":\"https:\\\/\\\/rayosdelsol.uy\\\/index.php\\\/ubicacion\\\/\",\"url\":\"https:\\\/\\\/rayosdelsol.uy\\\/index.php\\\/ubicacion\\\/\",\"name\":\"Ubicaci\u00f3n - Rayos del Sol\",\"isPartOf\":{\"@id\":\"https:\\\/\\\/rayosdelsol.uy\\\/#website\"},\"datePublished\":\"2023-10-30T16:09:06+00:00\",\"dateModified\":\"2024-12-14T15:17:42+00:00\",\"breadcrumb\":{\"@id\":\"https:\\\/\\\/rayosdelsol.uy\\\/index.php\\\/ubicacion\\\/#breadcrumb\"},\"inLanguage\":\"es-UY\",\"potentialAction\":[{\"@type\":\"ReadAction\",\"target\":[\"https:\\\/\\\/rayosdelsol.uy\\\/index.php\\\/ubicacion\\\/\"]}]},{\"@type\":\"BreadcrumbList\",\"@id\":\"https:\\\/\\\/rayosdelsol.uy\\\/index.php\\\/ubicacion\\\/#breadcrumb\",\"itemListElement\":[{\"@type\":\"ListItem\",\"position\":1,\"name\":\"Home\",\"item\":\"https:\\\/\\\/rayosdelsol.uy\\\/\"},{\"@type\":\"ListItem\",\"position\":2,\"name\":\"Ubicaci\u00f3n\"}]},{\"@type\":\"WebSite\",\"@id\":\"https:\\\/\\\/rayosdelsol.uy\\\/#website\",\"url\":\"https:\\\/\\\/rayosdelsol.uy\\\/\",\"name\":\"Rayos del Sol\",\"description\":\"Complejo de caba\u00f1as\",\"potentialAction\":[{\"@type\":\"SearchAction\",\"target\":{\"@type\":\"EntryPoint\",\"urlTemplate\":\"https:\\\/\\\/rayosdelsol.uy\\\/?s={search_term_string}\"},\"query-input\":{\"@type\":\"PropertyValueSpecification\",\"valueRequired\":true,\"valueName\":\"search_term_string\"}}],\"inLanguage\":\"es-UY\"}]}<\/script>\n<!-- \/ Yoast SEO plugin. -->","yoast_head_json":{"title":"Ubicaci\u00f3n - Rayos del Sol","robots":{"index":"index","follow":"follow","max-snippet":"max-snippet:-1","max-image-preview":"max-image-preview:large","max-video-preview":"max-video-preview:-1"},"canonical":"https:\/\/rayosdelsol.uy\/index.php\/ubicacion\/","og_locale":"es_ES","og_type":"article","og_title":"Ubicaci\u00f3n - Rayos del Sol","og_description":"Cont\u00e1cto+598 97 555 586info@rayosdelsol.uyAv. del Nav\u00edo esquina Acr\u00f3polis, La PalomaPara una atenci\u00f3n mas personalizada puedes contactarnos a trav\u00e9s de WhatsApp","og_url":"https:\/\/rayosdelsol.uy\/index.php\/ubicacion\/","og_site_name":"Rayos del Sol","article_modified_time":"2024-12-14T15:17:42+00:00","twitter_card":"summary_large_image","twitter_misc":{"Est. reading time":"10 minutos"},"schema":{"@context":"https:\/\/schema.org","@graph":[{"@type":"WebPage","@id":"https:\/\/rayosdelsol.uy\/index.php\/ubicacion\/","url":"https:\/\/rayosdelsol.uy\/index.php\/ubicacion\/","name":"Ubicaci\u00f3n - Rayos del Sol","isPartOf":{"@id":"https:\/\/rayosdelsol.uy\/#website"},"datePublished":"2023-10-30T16:09:06+00:00","dateModified":"2024-12-14T15:17:42+00:00","breadcrumb":{"@id":"https:\/\/rayosdelsol.uy\/index.php\/ubicacion\/#breadcrumb"},"inLanguage":"es-UY","potentialAction":[{"@type":"ReadAction","target":["https:\/\/rayosdelsol.uy\/index.php\/ubicacion\/"]}]},{"@type":"BreadcrumbList","@id":"https:\/\/rayosdelsol.uy\/index.php\/ubicacion\/#breadcrumb","itemListElement":[{"@type":"ListItem","position":1,"name":"Home","item":"https:\/\/rayosdelsol.uy\/"},{"@type":"ListItem","position":2,"name":"Ubicaci\u00f3n"}]},{"@type":"WebSite","@id":"https:\/\/rayosdelsol.uy\/#website","url":"https:\/\/rayosdelsol.uy\/","name":"Rayos del Sol","description":"Complejo de caba\u00f1as","potentialAction":[{"@type":"SearchAction","target":{"@type":"EntryPoint","urlTemplate":"https:\/\/rayosdelsol.uy\/?s={search_term_string}"},"query-input":{"@type":"PropertyValueSpecification","valueRequired":true,"valueName":"search_term_string"}}],"inLanguage":"es-UY"}]}},"_links":{"self":[{"href":"https:\/\/rayosdelsol.uy\/index.php\/wp-json\/wp\/v2\/pages\/119","targetHints":{"allow":["GET"]}}],"collection":[{"href":"https:\/\/rayosdelsol.uy\/index.php\/wp-json\/wp\/v2\/pages"}],"about":[{"href":"https:\/\/rayosdelsol.uy\/index.php\/wp-json\/wp\/v2\/types\/page"}],"author":[{"embeddable":true,"href":"https:\/\/rayosdelsol.uy\/index.php\/wp-json\/wp\/v2\/users\/2"}],"replies":[{"embeddable":true,"href":"https:\/\/rayosdelsol.uy\/index.php\/wp-json\/wp\/v2\/comments?post=119"}],"version-history":[{"count":10,"href":"https:\/\/rayosdelsol.uy\/index.php\/wp-json\/wp\/v2\/pages\/119\/revisions"}],"predecessor-version":[{"id":352,"href":"https:\/\/rayosdelsol.uy\/index.php\/wp-json\/wp\/v2\/pages\/119\/revisions\/352"}],"wp:attachment":[{"href":"https:\/\/rayosdelsol.uy\/index.php\/wp-json\/wp\/v2\/media?parent=119"}],"curies":[{"name":"wp","href":"https:\/\/api.w.org\/{rel}","templated":true}]}}